s 2 (base 4) in base 8?
2
-40 (base 7) to base 13
-22
Convert -19 (base 15) to base 2.
-11000
What is 134 (base 8) in base 10?
92
204 (base 5) to base 6
130
What is -10100 (base 2) in base 9?
-22
Convert -11 (base 3) to base 12.
-4
-12 (base 12) to base 11
-13
What is 3 (base 9) in base 5?
3
4 (base 7) to base 6
4
What is a (base 14) in base 16?
a
What is -55 (base 12) in base 4?
-1001
Convert -2c (base 14) to base 7.
-55
Convert 145 (base 9) to base 13.
95
What is -3 (base 6) in base 16?
-3
-40 (base 5) to base 12
-18
-3 (base 8) to base 5
-3
Convert -1111 (base 2) to base 7.
-21
What is 3 (base 12) in base 10?
3
Convert -12a (base 12) to base 8.
-262
What is -1 (base 7) in base 14?
-1
What is -42 (base 12) in base 14?
-38
423 (base 5) to base 9
135
What is 10 (base 10) in base 7?
13
0 (base 9) to base 10
0
Convert -5 (base 8) to base 2.
-101
What is 23 (base 15) in base 13?
27
2 (base 14) to base 11
2
Convert -1 (base 9) to base 4.
-1
a (base 15) to base 3
101
Convert 3 (base 9) to base 6.
3
-10 (base 13) to base 2
-1101
What is -1 (base 16) in base 4?
-1
6 (base 10) to base 13
6
What is -10 (base 8) in base 5?
-13
What is -5 (base 6) in base 4?
-11
-330 (base 4) to base 8
-74
Convert -4 (base 8) to base 12.
-4
Convert -11 (base 10) to base 16.
-b
Convert 35 (base 15) to base 14.
38
What is 3 (base 8) in base 3?
10
What is 0 (base 12) in base 3?
0
Convert -3 (base 16) to base 2.
-11
Convert 11 (base 8) to base 6.
13
-44 (base 9) to base 10
-40
What is -9 (base 16) in base 10?
-9
Convert 50 (base 11) to base 5.
210
Convert 0 (base 2) to base 13.
0
Convert 44 (base 11) to base 13.
39
What is -122 (base 3) in base 2?
-10001
What is 3 (base 13) in base 4?
3
What is -8 (base 9) in base 5?
-13
What is 2 (base 15) in base 16?
2
2 (base 3) to base 11
2
6 (base 15) to base 11
6
-125 (base 8) to base 11
-78
Convert 9 (base 14) to base 7.
12
-a (base 14) to base 2
-1010
Convert -6 (base 12) to base 3.
-20
What is 334 (base 6) in base 11?
109
What is 1 (base 14) in base 9?
1
What is aa (base 12) in base 10?
130
Convert bb (base 12) to base 6.
355
What is 0 (base 4) in base 7?
0
0 (base 14) to base 15
0
Convert 10301 (base 4) to base 14.
17b
What is 4 (base 11) in base 9?
4
Convert -5 (base 6) to base 15.
-5
What is -11 (base 4) in base 10?
-5
-6 (base 16) to base 4
-12
What is 177 (base 12) in base 15?
10a
17 (base 14) to base 10
21
Convert a (base 11) to base 12.
a
What is -62 (base 8) in base 9?
-55
What is -311 (base 5) in base 8?
-121
0 (base 6) to base 7
0
Convert -94 (base 11) to base 14.
-75
31 (base 7) to base 3
211
-11 (base 14) to base 8
-17
Convert -4 (base 16) to base 3.
-11
What is 1010 (base 2) in base 5?
20
45 (base 7) to base 9
36
What is -1 (base 15) in base 12?
-1
What is -32 (base 5) in base 9?
-18
What is 33 (base 6) in base 13?
18
-5 (base 7) to base 6
-5
What is -11111 (base 2) in base 15?
-21
What is -24 (base 11) in base 12?
-22
Convert 3 (base 16) to base 3.
10
401 (base 7) to base 8
305
What is -48 (base 14) in base 16?
-40
Convert 1 (base 16) to base 14.
1
-4 (base 16) to base 15
-4
11210 (base 3) to base 12
a9
-18 (base 9) to base 3
-122
-122 (base 4) to base 9
-28
-1221 (base 3) to base 7
-103
What is -1 (base 13) in base 2?
-1
-5 (base 15) to base 13
-5
3 (base 15) to base 2
11
Convert 9 (base 10) to base 6.
13
Convert -1100 (base 3) to base 8.
-44
What is -1210 (base 5) in base 11?
-154
Convert -3 (base 15) to base 2.
-11
41 (base 14) to base 16
39
What is -1a5 (base 11) in base 13?
-152
-7 (base 9) to base 8
-7
Convert 0 (base 3) to base 10.
0
Convert -20 (base 13) to base 7.
-35
What is 11 (base 7) in base 5?
13
-1a (base 11) to base 13
-18
Convert -42 (base 10) to base 12.
-36
-100010 (base 2) to base 10
-34
36 (base 14) to base 12
40
What is -28 (base 12) in base 3?
-1012
-30 (base 14) to base 2
-101010
What is 117 (base 8) in base 12?
67
What is 1120 (base 3) in base 2?
101010
-22 (base 5) to base 13
-c
c (base 14) to base 3
110
-154 (base 6) to base 3
-2121
What is -193 (base 10) in base 2?
-11000001
Convert 12 (base 12) to base 13.
11
-42 (base 12) to base 3
-1212
Convert -3 (base 8) to base 7.
-3
5 (base 14) to base 10
5
Convert -5 (base 15) to base 9.
-5
Convert -2211 (base 4) to base 10.
-165
-6 (base 16) to base 7
-6
What is -4 (base 16) in base 4?
-10
What is -10113 (base 4) in base 13?
-186
Convert 21202 (base 3) to base 11.
180
Convert 1241 (base 5) to base 11.
169
Convert -10 (base 6) to base 10.
-6
-7b (base 12) to base 8
-137
Convert 13 (base 6) to base 2.
1001
What is 2 (base 4) in base 11?
2
65 (base 8) to base 10
53
What is 5a (base 15) in base 8?
125
Convert 36 (base 9) to base 3.
1020
What is 16 (base 9) in base 11?
14
7c (base 15) to base 13
90
What is -8 (base 14) in base 16?
-8
Convert 2 (base 13) to base 14.
2
What is 4 (base 13) in base 9?
4
-1052 (base 7) to base 3
-112002
What is -30 (base 6) in base 12?
-16
Convert -4 (base 9) to base 12.
-4
What is 3 (base 9) in base 8?
3
What is 1b (base 14) in base 13?
1c
4 (base 14) to base 6
4
Convert -11100 (base 2) to base 12.
-24
Convert -5 (base 15) to base 5.
-10
Convert -10110101 (base 2) to base 16.
-b5
-20 (base 5) to base 8
-12
What is -15 (base 11) in base 10?
-16
Convert -6 (base 13) to base 5.
-11
347 (base 9) to base 7
556
What is -20 (base 5) in base 11?
-a
What is -18 (base 9) in base 4?
-101
Convert -a (base 11) to base 7.
-13
6 (base 16) to base 2
110
What is 1 (base 7) in base 15?
1
Convert 10 (base 6) to base 14.
6
-1b (base 12) to base 9
-25
What is -10 (base 6) in base 13?
-6
What is 4 (base 14) in base 9?
4
Convert 2c (base 15) to base 14.
30
0 (base 8) to base 3
0
Convert -279 (base 11) to base 16.
-148
-101001 (base 2) to base 15
-2b
Convert -2 (base 15) to base 13.
-2
What is 1 (base 9) in base 13?
1
-53 (base 16) to base 7
-146
97 (base 14) to base 2
10000101
-3 (base 4) to base 10
-3
9 (base 11) to base 12
9
Convert -5 (base 14) to base 5.
-10
What is 3 (base 16) in base 8?
3
What is 115 (base 6) in base 2?
101111
Convert 2 (base 12) to base 8.
2
-4 (base 8) to base 14
-4
What is -2 (base 10) in base 4?
-2
What is -3 (base 10) in base 13?
-3
Convert -4 (base 6) to base 12.
-4
Convert 33 (base 5) to base 13.
15
What is 11 (base 3) in base 8?
4
-1 (base 13) to base 2
-1
14 (base 16) to base 10
20
Convert 17 (base 9) to base 10.
16
3 (base 6) to base 13
3
-48 (base 11) to base 16
-34
-1 (base 7) to base 10
-1
What is -31 (base 5) in base 3?
-121
Convert 1110001 (base 2) to base 11.
a3
b (base 12) to base 5
21
Convert 1210 (base 5) to base 15.
c0
Convert -11c (base 15) to base 5.
-2002
Convert 313 (base 4) to base 9.
61
Convert 8 (base 14) to base 5.
13
What is -1 (base 3) in base 2?
-1
What is 30 (base 8) in base 16?
18
What is -1233 (base 4) in base 10?
-111
32 (base 13) to base 11
38
2 (base 16) to base 13
2
6 (base 9) to base 6
10
What is 237 (base 11) in base 9?
343
Convert 31 (base 7) to base 15.
17
15 (base 9) to base 6
22
What is 4 (base 8) in base 7?
4
9 (base 10) to base 3
100
What is -3 (base 14) in base 5?
-3
Convert 4 (base 14) to base 2.
100
Convert 13 (base 5) to base 8.
10
Convert -5 (base 9) to base 10.
-5
What is 1000 (base 2) in base 5?
13
Convert 22 (base 4) to base 12.
a
Convert -12 (base 5) to base 4.
-13
What is 2 (base 13) in base 9?
2
What is 1231 (base 5) in base 6?
515
Convert 6 (base 16) to base 5.
11
What is 2 (base 12) in base 13?
2
Convert 86 (base 14) to base 13.
91
Convert -5b (base 13) to base 15.
-51
What is 1d (base 14) in base 8?
33
What is 210 (base 5) in base 8?
67
What is 18 (base 15) in base 14?
19
What is 0 (base 11) in base 9?
0
What is -11 (base 13) in base 6?
-22
What is 28 (base 9) in base 5?
101
What is 0 (base 3) in base 4?
0
-1 (base 8) to base 12
-1
Convert 1122 (base 3) to base 7.
62
What is -560 (base 7) in base 8?
-437
What is 5 (base 12) in base 7?
5
2 (base 12) to base 10
2
1 (base 13) to base 5
1
What is -17 (base 15) in base 4?
-112
-111 (base 2) to base 14
-7
Convert -101 (base 2) to base 11.
-5
What is 1 (base 11) in base 15?
1
What is 100010 (base 2) in base 9?
37
Convert 1 (base 6) to base 14.
1
What is 0 (base 7) in base 16?
0
What is -b (base 14) in base 4?
-23
What is -11201 (base 3) in base 5?
-1002
What is 24 (base 16) in base 15?
26
What is aa (base 14) in base 